{"id":34,"date":"2024-03-07T16:44:14","date_gmt":"2024-03-07T15:44:14","guid":{"rendered":"https:\/\/stmichaelslegioneitaly.it\/?page_id=34"},"modified":"2024-12-29T01:36:36","modified_gmt":"2024-12-29T00:36:36","slug":"diventa-uno-di-noi","status":"publish","type":"page","link":"https:\/\/stmichaelslegioneitaly.it\/?page_id=34","title":{"rendered":"Diventa uno di noi"},"content":{"rendered":"\t\t<div data-elementor-type=\"wp-page\" data-elementor-id=\"34\" class=\"elementor elementor-34\">\n\t\t\t\t<div class=\"elementor-element elementor-element-5e17711 e-flex e-con-boxed e-con e-parent\" data-id=\"5e17711\" data-element_type=\"container\" data-core-v316-plus=\"true\">\n\t\t\t\t\t<div class=\"e-con-inner\">\n\t\t\t\t<div class=\"elementor-element elementor-element-71ec853 elementor-widget elementor-widget-image\" data-id=\"71ec853\" data-element_type=\"widget\" data-widget_type=\"image.default\">\n\t\t\t\t<div class=\"elementor-widget-container\">\n\t\t\t<style>\/*! elementor - v3.20.0 - 20-03-2024 *\/\n.elementor-widget-image{text-align:center}.elementor-widget-image a{display:inline-block}.elementor-widget-image a img[src$=\".svg\"]{width:48px}.elementor-widget-image img{vertical-align:middle;display:inline-block}<\/style>\t\t\t\t\t\t\t\t\t\t<img decoding=\"async\" width=\"300\" height=\"115\" src=\"https:\/\/stmichaelslegioneitaly.it\/wp-content\/uploads\/2024\/12\/Screenshot_20241217_000921_Gallery-300x115.jpg\" class=\"attachment-medium size-medium wp-image-120\" alt=\"\" srcset=\"https:\/\/stmichaelslegioneitaly.it\/wp-content\/uploads\/2024\/12\/Screenshot_20241217_000921_Gallery-300x115.jpg 300w, https:\/\/stmichaelslegioneitaly.it\/wp-content\/uploads\/2024\/12\/Screenshot_20241217_000921_Gallery-1024x394.jpg 1024w, https:\/\/stmichaelslegioneitaly.it\/wp-content\/uploads\/2024\/12\/Screenshot_20241217_000921_Gallery-768x296.jpg 768w, https:\/\/stmichaelslegioneitaly.it\/wp-content\/uploads\/2024\/12\/Screenshot_20241217_000921_Gallery-1536x591.jpg 1536w, https:\/\/stmichaelslegioneitaly.it\/wp-content\/uploads\/2024\/12\/Screenshot_20241217_000921_Gallery-2048x788.jpg 2048w\" sizes=\"(max-width: 300px) 100vw, 300px\" \/>\t\t\t\t\t\t\t\t\t\t\t\t\t<\/div>\n\t\t\t\t<\/div>\n\t\t\t\t\t<\/div>\n\t\t\t\t<\/div>\n\t\t<div class=\"elementor-element elementor-element-9d6dad5 e-flex e-con-boxed e-con e-parent\" data-id=\"9d6dad5\" data-element_type=\"container\" data-core-v316-plus=\"true\">\n\t\t\t\t\t<div class=\"e-con-inner\">\n\t\t\t\t<div class=\"elementor-element elementor-element-1694c6c elementor-widget elementor-widget-text-editor\" data-id=\"1694c6c\" data-element_type=\"widget\" data-widget_type=\"text-editor.default\">\n\t\t\t\t<div class=\"elementor-widget-container\">\n\t\t\t<style>\/*! elementor - v3.20.0 - 20-03-2024 *\/\n.elementor-widget-text-editor.elementor-drop-cap-view-stacked .elementor-drop-cap{background-color:#69727d;color:#fff}.elementor-widget-text-editor.elementor-drop-cap-view-framed .elementor-drop-cap{color:#69727d;border:3px solid;background-color:transparent}.elementor-widget-text-editor:not(.elementor-drop-cap-view-default) .elementor-drop-cap{margin-top:8px}.elementor-widget-text-editor:not(.elementor-drop-cap-view-default) .elementor-drop-cap-letter{width:1em;height:1em}.elementor-widget-text-editor .elementor-drop-cap{float:left;text-align:center;line-height:1;font-size:50px}.elementor-widget-text-editor .elementor-drop-cap-letter{display:inline-block}<\/style>\t\t\t\t<!-- wp:heading {\"level\":3} -->\n<h2 class=\"wp-block-heading\">Unisciti a St. Michael&#8217;s Legione Italy: Entra nella Nostra Fratellanza<\/h2>\n<!-- \/wp:heading --><!-- wp:paragraph -->\n<p>Vuoi far parte di un club che unisce appassionati di motociclismo per lo pi\u00f9\u00a0 composto da appartenenti delle forze dell&#8217;ordine, militari, vigili del fuoco e personale paramedico? St. Michael&#8217;s Legione LE MC Italy ti offre l&#8217;opportunit\u00e0 di entrare in una comunit\u00e0 basata su valori come onore, coraggio, solidariet\u00e0 e rispetto reciproco. Scopri come diventare membro del nostro Club e unirti ad una fratellanza unica nel suo genere.<\/p>\n<!-- \/wp:paragraph --><!-- wp:heading {\"level\":4} -->\n<h4 class=\"wp-block-heading\">Chi Pu\u00f2 Diventare Membro di St. Michael&#8217;s Legione Italy?<\/h4>\n<!-- \/wp:heading --><!-- wp:paragraph -->\n<p>La nostra porta \u00e8 aperta per:<\/p>\n<!-- \/wp:paragraph --><!-- wp:list -->\n<ul><!-- wp:list-item -->\n<li><strong>Poliziotti attivi ed in congedo<\/strong><\/li>\n<!-- \/wp:list-item --><!-- wp:list-item -->\n<li><strong>Militari attivi ed in congedo<\/strong><\/li>\n<!-- \/wp:list-item --><!-- wp:list-item -->\n<li><strong>Vigili del fuoco attivi ed in congedo<\/strong><\/li>\n<!-- \/wp:list-item --><!-- wp:list-item -->\n<li><strong>Personale paramedico attivo ed in pensione<\/strong><\/li>\n<!-- \/wp:list-item --><\/ul>\n<!-- \/wp:list --><!-- wp:paragraph -->\n<p>Accogliamo anche simpatizzanti delle forze dell&#8217;ordine che condividono i nostri valori fondamentali e desiderano supportare le nostre iniziative.<\/p>\n<!-- \/wp:paragraph --><!-- wp:heading {\"level\":4} -->\n<h4 class=\"wp-block-heading\">Perch\u00e9 Unirsi a St. Michael&#8217;s Legione Italy?<\/h4>\n<!-- \/wp:heading --><!-- wp:paragraph -->\n<p>Unirsi al nostro Club significa abbracciare una vita concentrata su valori come:<\/p>\n<!-- \/wp:paragraph --><!-- wp:list -->\n<ul><!-- wp:list-item -->\n<li><strong>Fratellanza e Supporto Reciproco.<\/strong><\/li>\n<li>\u00a0Diventa parte di una famiglia estesa dove la lealt\u00e0 e il sostegno sono alla base di ogni relazione.<\/li>\n<!-- \/wp:list-item --><!-- wp:list-item -->\n<li><strong>Impegno Comunitario:<\/strong> Contribuisci con noi a fare la differenza nella vita della comunit\u00e0 e delle famiglie dei servitori pubblici attraverso eventi beneficenza e progetti speciali.<\/li>\n<!-- \/wp:list-item --><!-- wp:list-item -->\n<li><strong>Passione per le Motociclette:<\/strong> Condividi la tua passione per le due ruote in compagnia di chi, come te, ama la libert\u00e0 e l&#8217;avventura.<\/li>\n<!-- \/wp:list-item --><\/ul>\n<!-- \/wp:list --><!-- wp:heading {\"level\":4} -->\n<h4 class=\"wp-block-heading\">Come Entrare in St. Michael&#8217;s Legione Italy<\/h4>\n<!-- \/wp:heading --><!-- wp:paragraph -->\n<p>Diventare parte della nostra famiglia \u00e8 semplice:<\/p>\n<!-- \/wp:paragraph --><!-- wp:paragraph -->\n<p><strong>Esprimi il Tuo Interesse:<\/strong> Contattaci tramite social, su Whatsapp o via <a href=\"mailto:info@stmichaelslegioneitaly.it\">emal<\/a><\/p>\n<!-- \/wp:paragraph --><!-- wp:heading {\"level\":4} -->\n<h4 class=\"wp-block-heading\">Pronto a Fare la Differenza con Noi?<\/h4>\n<!-- \/wp:heading --><!-- wp:paragraph -->\n<p>Se i nostri valori risuonano in te e sei pronto a impegnarti ad intraprendere una lunga strada, non solo in sella alla tua moto, St. Michael&#8217;s Legione LE MC Italy \u00e8 il posto giusto. Contattaci per avviare il tuo percorso verso l&#8217;adesione in questo Club dove fratellanza, passione per le motociclette e impegno comunitario si fondono in un&#8217;unica esperienza. La tua avventura con St. Michael&#8217;s Legione Italy inizia qui!<\/p>\n<!-- \/wp:paragraph -->\t\t\t\t\t\t<\/div>\n\t\t\t\t<\/div>\n\t\t\t\t\t<\/div>\n\t\t\t\t<\/div>\n\t\t<div class=\"elementor-element elementor-element-92ec1fd e-flex e-con-boxed e-con e-parent\" data-id=\"92ec1fd\" data-element_type=\"container\" data-core-v316-plus=\"true\">\n\t\t\t\t\t<div class=\"e-con-inner\">\n\t\t\t\t<div class=\"elementor-element elementor-element-e115b3d elementor-widget elementor-widget-image\" data-id=\"e115b3d\" data-element_type=\"widget\" data-widget_type=\"image.default\">\n\t\t\t\t<div class=\"elementor-widget-container\">\n\t\t\t\t\t\t\t\t\t\t\t\t\t<img decoding=\"async\" src=\"http:\/\/stmichaelslegioneitaly.it\/wp-content\/uploads\/2024\/12\/Screenshot_20241228_150623_Samsung-Internet.jpg\" title=\"\" alt=\"\" loading=\"lazy\" \/>\t\t\t\t\t\t\t\t\t\t\t\t\t<\/div>\n\t\t\t\t<\/div>\n\t\t\t\t\t<\/div>\n\t\t\t\t<\/div>\n\t\t\t\t<\/div>\n\t\t","protected":false},"excerpt":{"rendered":"<p>Unisciti a St. Michael&#8217;s Legione Italy: Entra nella Nostra Fratellanza Vuoi far parte di un club che unisce appassionati di<\/p>\n<p><a href=\"https:\/\/stmichaelslegioneitaly.it\/?page_id=34\" class=\"more-link\">Continue reading<span class=\"screen-reader-text\">Diventa uno di noi<\/span><\/a><\/p>\n","protected":false},"author":1,"featured_media":0,"parent":0,"menu_order":0,"comment_status":"closed","ping_status":"closed","template":"","meta":{"footnotes":""},"class_list":["post-34","page","type-page","status-publish","hentry"],"yoast_head":"<!-- This site is optimized with the Yoast SEO plugin v22.3 - https:\/\/yoast.com\/wordpress\/plugins\/seo\/ -->\n<title>Diventa uno di noi - St. Michael&#039;s Legione LE MC-ITALY<\/title>\n<meta name=\"description\" content=\"&quot;Unisciti al St. Michael&#039;s Legione LE MC Italy: entra a far parte nella nostra fratellanza di appassionati di motociclismo delle forze dell&#039;ordine, militari, vigili del fuoco e personale paramedico. Scopri come diventare membro e fare la differenza nella comunit\u00e0.&quot; S C R I V I C I .Saremo felici di conoscerti.\" \/>\n<meta name=\"robots\" content=\"index, follow, max-snippet:-1, max-image-preview:large, max-video-preview:-1\" \/>\n<link rel=\"canonical\" href=\"https:\/\/stmichaelslegioneitaly.it\/?page_id=34\" \/>\n<meta property=\"og:locale\" content=\"it_IT\" \/>\n<meta property=\"og:type\" content=\"article\" \/>\n<meta property=\"og:title\" content=\"Diventa uno di noi - St. Michael&#039;s Legione LE MC-ITALY\" \/>\n<meta property=\"og:description\" content=\"&quot;Unisciti al St. Michael&#039;s Legione LE MC Italy: entra a far parte nella nostra fratellanza di appassionati di motociclismo delle forze dell&#039;ordine, militari, vigili del fuoco e personale paramedico. Scopri come diventare membro e fare la differenza nella comunit\u00e0.&quot; S C R I V I C I .Saremo felici di conoscerti.\" \/>\n<meta property=\"og:url\" content=\"https:\/\/stmichaelslegioneitaly.it\/?page_id=34\" \/>\n<meta property=\"og:site_name\" content=\"St. Michael&#039;s Legione LE MC-ITALY\" \/>\n<meta property=\"article:publisher\" content=\"https:\/\/www.facebook.com\/sml.lemc.italy\" \/>\n<meta property=\"article:modified_time\" content=\"2024-12-29T00:36:36+00:00\" \/>\n<meta property=\"og:image\" content=\"http:\/\/stmichaelslegioneitaly.it\/wp-content\/uploads\/2024\/12\/Screenshot_20241217_000921_Gallery-300x115.jpg\" \/>\n<meta name=\"twitter:card\" content=\"summary_large_image\" \/>\n<meta name=\"twitter:label1\" content=\"Tempo di lettura stimato\" \/>\n\t<meta name=\"twitter:data1\" content=\"3 minuti\" \/>\n<script type=\"application\/ld+json\" class=\"yoast-schema-graph\">{\"@context\":\"https:\/\/schema.org\",\"@graph\":[{\"@type\":\"WebPage\",\"@id\":\"https:\/\/stmichaelslegioneitaly.it\/?page_id=34\",\"url\":\"https:\/\/stmichaelslegioneitaly.it\/?page_id=34\",\"name\":\"Diventa uno di noi - St. Michael&#039;s Legione LE MC-ITALY\",\"isPartOf\":{\"@id\":\"https:\/\/stmichaelslegioneitaly.it\/#website\"},\"primaryImageOfPage\":{\"@id\":\"https:\/\/stmichaelslegioneitaly.it\/?page_id=34#primaryimage\"},\"image\":{\"@id\":\"https:\/\/stmichaelslegioneitaly.it\/?page_id=34#primaryimage\"},\"thumbnailUrl\":\"http:\/\/stmichaelslegioneitaly.it\/wp-content\/uploads\/2024\/12\/Screenshot_20241217_000921_Gallery-300x115.jpg\",\"datePublished\":\"2024-03-07T15:44:14+00:00\",\"dateModified\":\"2024-12-29T00:36:36+00:00\",\"description\":\"\\\"Unisciti al St. Michael's Legione LE MC Italy: entra a far parte nella nostra fratellanza di appassionati di motociclismo delle forze dell'ordine, militari, vigili del fuoco e personale paramedico. Scopri come diventare membro e fare la differenza nella comunit\u00e0.\\\" S C R I V I C I .Saremo felici di conoscerti.\",\"breadcrumb\":{\"@id\":\"https:\/\/stmichaelslegioneitaly.it\/?page_id=34#breadcrumb\"},\"inLanguage\":\"it-IT\",\"potentialAction\":[{\"@type\":\"ReadAction\",\"target\":[\"https:\/\/stmichaelslegioneitaly.it\/?page_id=34\"]}]},{\"@type\":\"ImageObject\",\"inLanguage\":\"it-IT\",\"@id\":\"https:\/\/stmichaelslegioneitaly.it\/?page_id=34#primaryimage\",\"url\":\"https:\/\/stmichaelslegioneitaly.it\/wp-content\/uploads\/2024\/12\/Screenshot_20241217_000921_Gallery-scaled.jpg\",\"contentUrl\":\"https:\/\/stmichaelslegioneitaly.it\/wp-content\/uploads\/2024\/12\/Screenshot_20241217_000921_Gallery-scaled.jpg\",\"width\":2560,\"height\":986},{\"@type\":\"BreadcrumbList\",\"@id\":\"https:\/\/stmichaelslegioneitaly.it\/?page_id=34#breadcrumb\",\"itemListElement\":[{\"@type\":\"ListItem\",\"position\":1,\"name\":\"Home\",\"item\":\"https:\/\/stmichaelslegioneitaly.it\/\"},{\"@type\":\"ListItem\",\"position\":2,\"name\":\"Diventa uno di noi\"}]},{\"@type\":\"WebSite\",\"@id\":\"https:\/\/stmichaelslegioneitaly.it\/#website\",\"url\":\"https:\/\/stmichaelslegioneitaly.it\/\",\"name\":\"St. Michael's Legione Italy LEMC\",\"description\":\"I&#039;m my brother&#039;s keeper\",\"potentialAction\":[{\"@type\":\"SearchAction\",\"target\":{\"@type\":\"EntryPoint\",\"urlTemplate\":\"https:\/\/stmichaelslegioneitaly.it\/?s={search_term_string}\"},\"query-input\":\"required name=search_term_string\"}],\"inLanguage\":\"it-IT\"}]}<\/script>\n<!-- \/ Yoast SEO plugin. -->","yoast_head_json":{"title":"Diventa uno di noi - St. Michael&#039;s Legione LE MC-ITALY","description":"\"Unisciti al St. Michael's Legione LE MC Italy: entra a far parte nella nostra fratellanza di appassionati di motociclismo delle forze dell'ordine, militari, vigili del fuoco e personale paramedico. Scopri come diventare membro e fare la differenza nella comunit\u00e0.\" S C R I V I C I .Saremo felici di conoscerti.","robots":{"index":"index","follow":"follow","max-snippet":"max-snippet:-1","max-image-preview":"max-image-preview:large","max-video-preview":"max-video-preview:-1"},"canonical":"https:\/\/stmichaelslegioneitaly.it\/?page_id=34","og_locale":"it_IT","og_type":"article","og_title":"Diventa uno di noi - St. Michael&#039;s Legione LE MC-ITALY","og_description":"\"Unisciti al St. Michael's Legione LE MC Italy: entra a far parte nella nostra fratellanza di appassionati di motociclismo delle forze dell'ordine, militari, vigili del fuoco e personale paramedico. Scopri come diventare membro e fare la differenza nella comunit\u00e0.\" S C R I V I C I .Saremo felici di conoscerti.","og_url":"https:\/\/stmichaelslegioneitaly.it\/?page_id=34","og_site_name":"St. Michael&#039;s Legione LE MC-ITALY","article_publisher":"https:\/\/www.facebook.com\/sml.lemc.italy","article_modified_time":"2024-12-29T00:36:36+00:00","og_image":[{"url":"http:\/\/stmichaelslegioneitaly.it\/wp-content\/uploads\/2024\/12\/Screenshot_20241217_000921_Gallery-300x115.jpg"}],"twitter_card":"summary_large_image","twitter_misc":{"Tempo di lettura stimato":"3 minuti"},"schema":{"@context":"https:\/\/schema.org","@graph":[{"@type":"WebPage","@id":"https:\/\/stmichaelslegioneitaly.it\/?page_id=34","url":"https:\/\/stmichaelslegioneitaly.it\/?page_id=34","name":"Diventa uno di noi - St. Michael&#039;s Legione LE MC-ITALY","isPartOf":{"@id":"https:\/\/stmichaelslegioneitaly.it\/#website"},"primaryImageOfPage":{"@id":"https:\/\/stmichaelslegioneitaly.it\/?page_id=34#primaryimage"},"image":{"@id":"https:\/\/stmichaelslegioneitaly.it\/?page_id=34#primaryimage"},"thumbnailUrl":"http:\/\/stmichaelslegioneitaly.it\/wp-content\/uploads\/2024\/12\/Screenshot_20241217_000921_Gallery-300x115.jpg","datePublished":"2024-03-07T15:44:14+00:00","dateModified":"2024-12-29T00:36:36+00:00","description":"\"Unisciti al St. Michael's Legione LE MC Italy: entra a far parte nella nostra fratellanza di appassionati di motociclismo delle forze dell'ordine, militari, vigili del fuoco e personale paramedico. Scopri come diventare membro e fare la differenza nella comunit\u00e0.\" S C R I V I C I .Saremo felici di conoscerti.","breadcrumb":{"@id":"https:\/\/stmichaelslegioneitaly.it\/?page_id=34#breadcrumb"},"inLanguage":"it-IT","potentialAction":[{"@type":"ReadAction","target":["https:\/\/stmichaelslegioneitaly.it\/?page_id=34"]}]},{"@type":"ImageObject","inLanguage":"it-IT","@id":"https:\/\/stmichaelslegioneitaly.it\/?page_id=34#primaryimage","url":"https:\/\/stmichaelslegioneitaly.it\/wp-content\/uploads\/2024\/12\/Screenshot_20241217_000921_Gallery-scaled.jpg","contentUrl":"https:\/\/stmichaelslegioneitaly.it\/wp-content\/uploads\/2024\/12\/Screenshot_20241217_000921_Gallery-scaled.jpg","width":2560,"height":986},{"@type":"BreadcrumbList","@id":"https:\/\/stmichaelslegioneitaly.it\/?page_id=34#breadcrumb","itemListElement":[{"@type":"ListItem","position":1,"name":"Home","item":"https:\/\/stmichaelslegioneitaly.it\/"},{"@type":"ListItem","position":2,"name":"Diventa uno di noi"}]},{"@type":"WebSite","@id":"https:\/\/stmichaelslegioneitaly.it\/#website","url":"https:\/\/stmichaelslegioneitaly.it\/","name":"St. Michael's Legione Italy LEMC","description":"I&#039;m my brother&#039;s keeper","potentialAction":[{"@type":"SearchAction","target":{"@type":"EntryPoint","urlTemplate":"https:\/\/stmichaelslegioneitaly.it\/?s={search_term_string}"},"query-input":"required name=search_term_string"}],"inLanguage":"it-IT"}]}},"_links":{"self":[{"href":"https:\/\/stmichaelslegioneitaly.it\/index.php?rest_route=\/wp\/v2\/pages\/34","targetHints":{"allow":["GET"]}}],"collection":[{"href":"https:\/\/stmichaelslegioneitaly.it\/index.php?rest_route=\/wp\/v2\/pages"}],"about":[{"href":"https:\/\/stmichaelslegioneitaly.it\/index.php?rest_route=\/wp\/v2\/types\/page"}],"author":[{"embeddable":true,"href":"https:\/\/stmichaelslegioneitaly.it\/index.php?rest_route=\/wp\/v2\/users\/1"}],"replies":[{"embeddable":true,"href":"https:\/\/stmichaelslegioneitaly.it\/index.php?rest_route=%2Fwp%2Fv2%2Fcomments&post=34"}],"version-history":[{"count":33,"href":"https:\/\/stmichaelslegioneitaly.it\/index.php?rest_route=\/wp\/v2\/pages\/34\/revisions"}],"predecessor-version":[{"id":369,"href":"https:\/\/stmichaelslegioneitaly.it\/index.php?rest_route=\/wp\/v2\/pages\/34\/revisions\/369"}],"wp:attachment":[{"href":"https:\/\/stmichaelslegioneitaly.it\/index.php?rest_route=%2Fwp%2Fv2%2Fmedia&parent=34"}],"curies":[{"name":"wp","href":"https:\/\/api.w.org\/{rel}","templated":true}]}}